{"id":25875,"date":"2025-02-24T18:02:25","date_gmt":"2025-02-24T17:02:25","guid":{"rendered":"https:\/\/www.lafabbrica.it\/collections\/velaris\/"},"modified":"2025-03-04T17:03:45","modified_gmt":"2025-03-04T16:03:45","slug":"velaris","status":"publish","type":"collections","link":"https:\/\/www.lafabbrica.it\/fr\/collections\/velaris\/","title":{"rendered":"Velaris"},"content":{"rendered":"","protected":false},"featured_media":25131,"template":"","meta":{"_acf_changed":false,"site-sidebar-layout":"default","site-content-layout":"","ast-site-content-layout":"default","site-content-style":"default","site-sidebar-style":"default","ast-global-header-display":"","ast-banner-title-visibility":"","ast-main-header-display":"","ast-hfb-above-header-display":"","ast-hfb-below-header-display":"","ast-hfb-mobile-header-display":"","site-post-title":"","ast-breadcrumbs-content":"","ast-featured-img":"disabled","footer-sml-layout":"","theme-transparent-header-meta":"","adv-header-id-meta":"","stick-header-meta":"","header-above-stick-meta":"","header-main-stick-meta":"","header-below-stick-meta":"","astra-migrate-meta-layouts":"default","ast-page-background-enabled":"default","ast-page-background-meta":{"desktop":{"background-color":"var(--ast-global-color-4)","background-image":"","background-repeat":"repeat","background-position":"center center","background-size":"auto","background-attachment":"scroll","background-type":"","background-media":"","overlay-type":"","overlay-color":"","overlay-gradient":""},"tablet":{"background-color":"","background-image":"","background-repeat":"repeat","background-position":"center center","background-size":"auto","background-attachment":"scroll","background-type":"","background-media":"","overlay-type":"","overlay-color":"","overlay-gradient":""},"mobile":{"background-color":"","background-image":"","background-repeat":"repeat","background-position":"center center","background-size":"auto","background-attachment":"scroll","background-type":"","background-media":"","overlay-type":"","overlay-color":"","overlay-gradient":""}},"ast-content-background-meta":{"desktop":{"background-color":"var(--ast-global-color-5)","background-image":"","background-repeat":"repeat","background-position":"center center","background-size":"auto","background-attachment":"scroll","background-type":"","background-media":"","overlay-type":"","overlay-color":"","overlay-gradient":""},"tablet":{"background-color":"var(--ast-global-color-5)","background-image":"","background-repeat":"repeat","background-position":"center center","background-size":"auto","background-attachment":"scroll","background-type":"","background-media":"","overlay-type":"","overlay-color":"","overlay-gradient":""},"mobile":{"background-color":"var(--ast-global-color-5)","background-image":"","background-repeat":"repeat","background-position":"center center","background-size":"auto","background-attachment":"scroll","background-type":"","background-media":"","overlay-type":"","overlay-color":"","overlay-gradient":""}}},"look":[864],"colors":[1229,1225,1227,1226],"rooms":[797,798,809,799,796],"size":[832,821,823,810,822],"color_of_collection":[1291],"class_list":["post-25875","collections","type-collections","status-publish","has-post-thumbnail","hentry","look-stone-fr","colors-beige-fr","colors-blanc","colors-brun","colors-gris","rooms-cuisine","rooms-living-fr","rooms-outdoor-fr","rooms-public-commercial-fr","rooms-salle-de-bains","size-120x120-fr","size-120x280-fr","size-30x60-fr","size-60x120-fr","size-60x60-fr","color_of_collection-velaris"],"acf":[],"yoast_head":"<!-- This site is optimized with the Yoast SEO plugin v22.0 - https:\/\/yoast.com\/wordpress\/plugins\/seo\/ -->\n<title>Velaris - La Fabbrica AVA<\/title>\n<meta name=\"description\" content=\"Velaris, la s\u00e9rie en gr\u00e8s qui allie nature et design. D\u00e9couvrez des surfaces au charme primitif, \u00e0 l\u2019\u00e9l\u00e9gance intemporelle et \u00e0 la r\u00e9sistance sup\u00e9rieure.\" \/>\n<meta name=\"robots\" content=\"index, follow, max-snippet:-1, max-image-preview:large, max-video-preview:-1\" \/>\n<link rel=\"canonical\" href=\"https:\/\/www.lafabbrica.it\/fr\/collections\/velaris\/\" \/>\n<meta property=\"og:locale\" content=\"fr_FR\" \/>\n<meta property=\"og:type\" content=\"article\" \/>\n<meta property=\"og:title\" content=\"Velaris - La Fabbrica AVA\" \/>\n<meta property=\"og:description\" content=\"Velaris, la s\u00e9rie en gr\u00e8s qui allie nature et design. D\u00e9couvrez des surfaces au charme primitif, \u00e0 l\u2019\u00e9l\u00e9gance intemporelle et \u00e0 la r\u00e9sistance sup\u00e9rieure.\" \/>\n<meta property=\"og:url\" content=\"https:\/\/www.lafabbrica.it\/fr\/collections\/velaris\/\" \/>\n<meta property=\"og:site_name\" content=\"La Fabbrica AVA\" \/>\n<meta property=\"article:modified_time\" content=\"2025-03-04T16:03:45+00:00\" \/>\n<meta property=\"og:image\" content=\"https:\/\/www.lafabbrica.it\/wp-content\/uploads\/2025\/02\/Velaris_on-feat.jpg\" \/>\n\t<meta property=\"og:image:width\" content=\"880\" \/>\n\t<meta property=\"og:image:height\" content=\"570\" \/>\n\t<meta property=\"og:image:type\" content=\"image\/jpeg\" \/>\n<meta name=\"twitter:card\" content=\"summary_large_image\" \/>\n<script type=\"application\/ld+json\" class=\"yoast-schema-graph\">{\"@context\":\"https:\/\/schema.org\",\"@graph\":[{\"@type\":\"WebPage\",\"@id\":\"https:\/\/www.lafabbrica.it\/fr\/collections\/velaris\/\",\"url\":\"https:\/\/www.lafabbrica.it\/fr\/collections\/velaris\/\",\"name\":\"Velaris - La Fabbrica AVA\",\"isPartOf\":{\"@id\":\"https:\/\/www.lafabbrica.it\/fr\/#website\"},\"datePublished\":\"2025-02-24T17:02:25+00:00\",\"dateModified\":\"2025-03-04T16:03:45+00:00\",\"description\":\"Velaris, la s\u00e9rie en gr\u00e8s qui allie nature et design. D\u00e9couvrez des surfaces au charme primitif, \u00e0 l\u2019\u00e9l\u00e9gance intemporelle et \u00e0 la r\u00e9sistance sup\u00e9rieure.\",\"breadcrumb\":{\"@id\":\"https:\/\/www.lafabbrica.it\/fr\/collections\/velaris\/#breadcrumb\"},\"inLanguage\":\"fr-FR\",\"potentialAction\":[{\"@type\":\"ReadAction\",\"target\":[\"https:\/\/www.lafabbrica.it\/fr\/collections\/velaris\/\"]}]},{\"@type\":\"BreadcrumbList\",\"@id\":\"https:\/\/www.lafabbrica.it\/fr\/collections\/velaris\/#breadcrumb\",\"itemListElement\":[{\"@type\":\"ListItem\",\"position\":1,\"name\":\"Home\",\"item\":\"https:\/\/www.lafabbrica.it\/fr\/\"},{\"@type\":\"ListItem\",\"position\":2,\"name\":\"Velaris\"}]},{\"@type\":\"WebSite\",\"@id\":\"https:\/\/www.lafabbrica.it\/fr\/#website\",\"url\":\"https:\/\/www.lafabbrica.it\/fr\/\",\"name\":\"La Fabbrica AVA\",\"description\":\"\",\"publisher\":{\"@id\":\"https:\/\/www.lafabbrica.it\/fr\/#organization\"},\"potentialAction\":[{\"@type\":\"SearchAction\",\"target\":{\"@type\":\"EntryPoint\",\"urlTemplate\":\"https:\/\/www.lafabbrica.it\/fr\/?s={search_term_string}\"},\"query-input\":\"required name=search_term_string\"}],\"inLanguage\":\"fr-FR\"},{\"@type\":\"Organization\",\"@id\":\"https:\/\/www.lafabbrica.it\/fr\/#organization\",\"name\":\"La Fabbrica AVA\",\"url\":\"https:\/\/www.lafabbrica.it\/fr\/\",\"logo\":{\"@type\":\"ImageObject\",\"inLanguage\":\"fr-FR\",\"@id\":\"https:\/\/www.lafabbrica.it\/fr\/#\/schema\/logo\/image\/\",\"url\":\"https:\/\/www.lafabbrica.it\/wp-content\/uploads\/2023\/08\/Senza-titolo-1.png\",\"contentUrl\":\"https:\/\/www.lafabbrica.it\/wp-content\/uploads\/2023\/08\/Senza-titolo-1.png\",\"width\":567,\"height\":240,\"caption\":\"La Fabbrica AVA\"},\"image\":{\"@id\":\"https:\/\/www.lafabbrica.it\/fr\/#\/schema\/logo\/image\/\"}}]}<\/script>\n<!-- \/ Yoast SEO plugin. -->","yoast_head_json":{"title":"Velaris - La Fabbrica AVA","description":"Velaris, la s\u00e9rie en gr\u00e8s qui allie nature et design. D\u00e9couvrez des surfaces au charme primitif, \u00e0 l\u2019\u00e9l\u00e9gance intemporelle et \u00e0 la r\u00e9sistance sup\u00e9rieure.","robots":{"index":"index","follow":"follow","max-snippet":"max-snippet:-1","max-image-preview":"max-image-preview:large","max-video-preview":"max-video-preview:-1"},"canonical":"https:\/\/www.lafabbrica.it\/fr\/collections\/velaris\/","og_locale":"fr_FR","og_type":"article","og_title":"Velaris - La Fabbrica AVA","og_description":"Velaris, la s\u00e9rie en gr\u00e8s qui allie nature et design. D\u00e9couvrez des surfaces au charme primitif, \u00e0 l\u2019\u00e9l\u00e9gance intemporelle et \u00e0 la r\u00e9sistance sup\u00e9rieure.","og_url":"https:\/\/www.lafabbrica.it\/fr\/collections\/velaris\/","og_site_name":"La Fabbrica AVA","article_modified_time":"2025-03-04T16:03:45+00:00","og_image":[{"width":880,"height":570,"url":"https:\/\/www.lafabbrica.it\/wp-content\/uploads\/2025\/02\/Velaris_on-feat.jpg","type":"image\/jpeg"}],"twitter_card":"summary_large_image","schema":{"@context":"https:\/\/schema.org","@graph":[{"@type":"WebPage","@id":"https:\/\/www.lafabbrica.it\/fr\/collections\/velaris\/","url":"https:\/\/www.lafabbrica.it\/fr\/collections\/velaris\/","name":"Velaris - La Fabbrica AVA","isPartOf":{"@id":"https:\/\/www.lafabbrica.it\/fr\/#website"},"datePublished":"2025-02-24T17:02:25+00:00","dateModified":"2025-03-04T16:03:45+00:00","description":"Velaris, la s\u00e9rie en gr\u00e8s qui allie nature et design. D\u00e9couvrez des surfaces au charme primitif, \u00e0 l\u2019\u00e9l\u00e9gance intemporelle et \u00e0 la r\u00e9sistance sup\u00e9rieure.","breadcrumb":{"@id":"https:\/\/www.lafabbrica.it\/fr\/collections\/velaris\/#breadcrumb"},"inLanguage":"fr-FR","potentialAction":[{"@type":"ReadAction","target":["https:\/\/www.lafabbrica.it\/fr\/collections\/velaris\/"]}]},{"@type":"BreadcrumbList","@id":"https:\/\/www.lafabbrica.it\/fr\/collections\/velaris\/#breadcrumb","itemListElement":[{"@type":"ListItem","position":1,"name":"Home","item":"https:\/\/www.lafabbrica.it\/fr\/"},{"@type":"ListItem","position":2,"name":"Velaris"}]},{"@type":"WebSite","@id":"https:\/\/www.lafabbrica.it\/fr\/#website","url":"https:\/\/www.lafabbrica.it\/fr\/","name":"La Fabbrica AVA","description":"","publisher":{"@id":"https:\/\/www.lafabbrica.it\/fr\/#organization"},"potentialAction":[{"@type":"SearchAction","target":{"@type":"EntryPoint","urlTemplate":"https:\/\/www.lafabbrica.it\/fr\/?s={search_term_string}"},"query-input":"required name=search_term_string"}],"inLanguage":"fr-FR"},{"@type":"Organization","@id":"https:\/\/www.lafabbrica.it\/fr\/#organization","name":"La Fabbrica AVA","url":"https:\/\/www.lafabbrica.it\/fr\/","logo":{"@type":"ImageObject","inLanguage":"fr-FR","@id":"https:\/\/www.lafabbrica.it\/fr\/#\/schema\/logo\/image\/","url":"https:\/\/www.lafabbrica.it\/wp-content\/uploads\/2023\/08\/Senza-titolo-1.png","contentUrl":"https:\/\/www.lafabbrica.it\/wp-content\/uploads\/2023\/08\/Senza-titolo-1.png","width":567,"height":240,"caption":"La Fabbrica AVA"},"image":{"@id":"https:\/\/www.lafabbrica.it\/fr\/#\/schema\/logo\/image\/"}}]}},"_links":{"self":[{"href":"https:\/\/www.lafabbrica.it\/fr\/wp-json\/wp\/v2\/collections\/25875","targetHints":{"allow":["GET"]}}],"collection":[{"href":"https:\/\/www.lafabbrica.it\/fr\/wp-json\/wp\/v2\/collections"}],"about":[{"href":"https:\/\/www.lafabbrica.it\/fr\/wp-json\/wp\/v2\/types\/collections"}],"version-history":[{"count":0,"href":"https:\/\/www.lafabbrica.it\/fr\/wp-json\/wp\/v2\/collections\/25875\/revisions"}],"wp:featuredmedia":[{"embeddable":true,"href":"https:\/\/www.lafabbrica.it\/fr\/wp-json\/wp\/v2\/media\/25131"}],"wp:attachment":[{"href":"https:\/\/www.lafabbrica.it\/fr\/wp-json\/wp\/v2\/media?parent=25875"}],"wp:term":[{"taxonomy":"look","embeddable":true,"href":"https:\/\/www.lafabbrica.it\/fr\/wp-json\/wp\/v2\/look?post=25875"},{"taxonomy":"colors","embeddable":true,"href":"https:\/\/www.lafabbrica.it\/fr\/wp-json\/wp\/v2\/colors?post=25875"},{"taxonomy":"rooms","embeddable":true,"href":"https:\/\/www.lafabbrica.it\/fr\/wp-json\/wp\/v2\/rooms?post=25875"},{"taxonomy":"size","embeddable":true,"href":"https:\/\/www.lafabbrica.it\/fr\/wp-json\/wp\/v2\/size?post=25875"},{"taxonomy":"color_of_collection","embeddable":true,"href":"https:\/\/www.lafabbrica.it\/fr\/wp-json\/wp\/v2\/color_of_collection?post=25875"}],"curies":[{"name":"wp","href":"https:\/\/api.w.org\/{rel}","templated":true}]}}

<!-- This site is optimized with the Yoast SEO plugin v22.0 - https://yoast.com/wordpress/plugins/seo/ -->
<title>Velaris - La Fabbrica AVA</title>
<meta name="description" content="Velaris, la série en grès qui allie nature et design. Découvrez des surfaces au charme primitif, à l’élégance intemporelle et à la résistance supérieure." />
<meta name="robots" content="index, follow, max-snippet:-1, max-image-preview:large, max-video-preview:-1" />
<link rel="canonical" href="https://www.lafabbrica.it/fr/collections/velaris/" />
<meta property="og:locale" content="fr_FR" />
<meta property="og:type" content="article" />
<meta property="og:title" content="Velaris - La Fabbrica AVA" />
<meta property="og:description" content="Velaris, la série en grès qui allie nature et design. Découvrez des surfaces au charme primitif, à l’élégance intemporelle et à la résistance supérieure." />
<meta property="og:url" content="https://www.lafabbrica.it/fr/collections/velaris/" />
<meta property="og:site_name" content="La Fabbrica AVA" />
<meta property="article:modified_time" content="2025-03-04T16:03:45+00:00" />
<meta property="og:image" content="https://www.lafabbrica.it/wp-content/uploads/2025/02/Velaris_on-feat.jpg" />
	<meta property="og:image:width" content="880" />
	<meta property="og:image:height" content="570" />
	<meta property="og:image:type" content="image/jpeg" />
<meta name="twitter:card" content="summary_large_image" />
<script type="application/ld+json" class="yoast-schema-graph">{"@context":"https://schema.org","@graph":[{"@type":"WebPage","@id":"https://www.lafabbrica.it/fr/collections/velaris/","url":"https://www.lafabbrica.it/fr/collections/velaris/","name":"Velaris - La Fabbrica AVA","isPartOf":{"@id":"https://www.lafabbrica.it/fr/#website"},"datePublished":"2025-02-24T17:02:25+00:00","dateModified":"2025-03-04T16:03:45+00:00","description":"Velaris, la série en grès qui allie nature et design. Découvrez des surfaces au charme primitif, à l’élégance intemporelle et à la résistance supérieure.","breadcrumb":{"@id":"https://www.lafabbrica.it/fr/collections/velaris/#breadcrumb"},"inLanguage":"fr-FR","potentialAction":[{"@type":"ReadAction","target":["https://www.lafabbrica.it/fr/collections/velaris/"]}]},{"@type":"BreadcrumbList","@id":"https://www.lafabbrica.it/fr/collections/velaris/#breadcrumb","itemListElement":[{"@type":"ListItem","position":1,"name":"Home","item":"https://www.lafabbrica.it/fr/"},{"@type":"ListItem","position":2,"name":"Velaris"}]},{"@type":"WebSite","@id":"https://www.lafabbrica.it/fr/#website","url":"https://www.lafabbrica.it/fr/","name":"La Fabbrica AVA","description":"","publisher":{"@id":"https://www.lafabbrica.it/fr/#organization"},"potentialAction":[{"@type":"SearchAction","target":{"@type":"EntryPoint","urlTemplate":"https://www.lafabbrica.it/fr/?s={search_term_string}"},"query-input":"required name=search_term_string"}],"inLanguage":"fr-FR"},{"@type":"Organization","@id":"https://www.lafabbrica.it/fr/#organization","name":"La Fabbrica AVA","url":"https://www.lafabbrica.it/fr/","logo":{"@type":"ImageObject","inLanguage":"fr-FR","@id":"https://www.lafabbrica.it/fr/#/schema/logo/image/","url":"https://www.lafabbrica.it/wp-content/uploads/2023/08/Senza-titolo-1.png","contentUrl":"https://www.lafabbrica.it/wp-content/uploads/2023/08/Senza-titolo-1.png","width":567,"height":240,"caption":"La Fabbrica AVA"},"image":{"@id":"https://www.lafabbrica.it/fr/#/schema/logo/image/"}}]}</script>
<!-- / Yoast SEO plugin. -->

Velaris, la série en grès qui allie nature et design. Découvrez des surfaces au charme primitif, à l’élégance intemporelle et à la résistance supérieure.
