{"id":24006,"date":"2024-11-05T16:39:44","date_gmt":"2024-11-05T15:39:44","guid":{"rendered":"https:\/\/www.lafabbrica.it\/collections\/kist-lux\/"},"modified":"2024-11-08T10:44:44","modified_gmt":"2024-11-08T09:44:44","slug":"kist-lux","status":"publish","type":"collections","link":"https:\/\/www.lafabbrica.it\/fr\/collections\/kist-lux\/","title":{"rendered":"Kist Lux"},"content":{"rendered":"","protected":false},"featured_media":23802,"template":"","meta":{"_acf_changed":false,"site-sidebar-layout":"default","site-content-layout":"","ast-site-content-layout":"default","site-content-style":"default","site-sidebar-style":"default","ast-global-header-display":"","ast-banner-title-visibility":"","ast-main-header-display":"","ast-hfb-above-header-display":"","ast-hfb-below-header-display":"","ast-hfb-mobile-header-display":"","site-post-title":"","ast-breadcrumbs-content":"","ast-featured-img":"","footer-sml-layout":"","theme-transparent-header-meta":"","adv-header-id-meta":"","stick-header-meta":"","header-above-stick-meta":"","header-main-stick-meta":"","header-below-stick-meta":"","astra-migrate-meta-layouts":"default","ast-page-background-enabled":"default","ast-page-background-meta":{"desktop":{"background-color":"var(--ast-global-color-4)","background-image":"","background-repeat":"repeat","background-position":"center center","background-size":"auto","background-attachment":"scroll","background-type":"","background-media":"","overlay-type":"","overlay-color":"","overlay-gradient":""},"tablet":{"background-color":"","background-image":"","background-repeat":"repeat","background-position":"center center","background-size":"auto","background-attachment":"scroll","background-type":"","background-media":"","overlay-type":"","overlay-color":"","overlay-gradient":""},"mobile":{"background-color":"","background-image":"","background-repeat":"repeat","background-position":"center center","background-size":"auto","background-attachment":"scroll","background-type":"","background-media":"","overlay-type":"","overlay-color":"","overlay-gradient":""}},"ast-content-background-meta":{"desktop":{"background-color":"var(--ast-global-color-5)","background-image":"","background-repeat":"repeat","background-position":"center center","background-size":"auto","background-attachment":"scroll","background-type":"","background-media":"","overlay-type":"","overlay-color":"","overlay-gradient":""},"tablet":{"background-color":"var(--ast-global-color-5)","background-image":"","background-repeat":"repeat","background-position":"center center","background-size":"auto","background-attachment":"scroll","background-type":"","background-media":"","overlay-type":"","overlay-color":"","overlay-gradient":""},"mobile":{"background-color":"var(--ast-global-color-5)","background-image":"","background-repeat":"repeat","background-position":"center center","background-size":"auto","background-attachment":"scroll","background-type":"","background-media":"","overlay-type":"","overlay-color":"","overlay-gradient":""}}},"look":[794],"colors":[1230,1229,1225,1231,1226],"rooms":[797,798,809,799,796],"size":[1286],"color_of_collection":[1283],"class_list":["post-24006","collections","type-collections","status-publish","has-post-thumbnail","hentry","look-design-fr","colors-autres","colors-beige-fr","colors-blanc","colors-bleu","colors-gris","rooms-cuisine","rooms-living-fr","rooms-outdoor-fr","rooms-public-commercial-fr","rooms-salle-de-bains","size-48x45-fr","color_of_collection-kist-lux"],"acf":[],"yoast_head":"<!-- This site is optimized with the Yoast SEO plugin v22.0 - https:\/\/yoast.com\/wordpress\/plugins\/seo\/ -->\n<title>Kist Lux | LA FABBRICA AVA<\/title>\n<meta name=\"description\" content=\"Brique en gr\u00e8s avec une texture vintage, au style urbain et d\u00e9contract\u00e9, inspir\u00e9e des fa\u00e7ades en briques apparentes des grandes m\u00e9tropoles.\" \/>\n<meta name=\"robots\" content=\"index, follow, max-snippet:-1, max-image-preview:large, max-video-preview:-1\" \/>\n<link rel=\"canonical\" href=\"https:\/\/www.lafabbrica.it\/fr\/collections\/kist-lux\/\" \/>\n<meta property=\"og:locale\" content=\"fr_FR\" \/>\n<meta property=\"og:type\" content=\"article\" \/>\n<meta property=\"og:title\" content=\"Kist Lux | LA FABBRICA AVA\" \/>\n<meta property=\"og:description\" content=\"Brique en gr\u00e8s avec une texture vintage, au style urbain et d\u00e9contract\u00e9, inspir\u00e9e des fa\u00e7ades en briques apparentes des grandes m\u00e9tropoles.\" \/>\n<meta property=\"og:url\" content=\"https:\/\/www.lafabbrica.it\/fr\/collections\/kist-lux\/\" \/>\n<meta property=\"og:site_name\" content=\"La Fabbrica AVA\" \/>\n<meta property=\"article:modified_time\" content=\"2024-11-08T09:44:44+00:00\" \/>\n<meta property=\"og:image\" content=\"https:\/\/www.lafabbrica.it\/wp-content\/uploads\/2024\/11\/kist_Lux_feat.jpg\" \/>\n\t<meta property=\"og:image:width\" content=\"880\" \/>\n\t<meta property=\"og:image:height\" content=\"570\" \/>\n\t<meta property=\"og:image:type\" content=\"image\/jpeg\" \/>\n<meta name=\"twitter:card\" content=\"summary_large_image\" \/>\n<script type=\"application\/ld+json\" class=\"yoast-schema-graph\">{\"@context\":\"https:\/\/schema.org\",\"@graph\":[{\"@type\":\"WebPage\",\"@id\":\"https:\/\/www.lafabbrica.it\/fr\/collections\/kist-lux\/\",\"url\":\"https:\/\/www.lafabbrica.it\/fr\/collections\/kist-lux\/\",\"name\":\"Kist Lux | LA FABBRICA AVA\",\"isPartOf\":{\"@id\":\"https:\/\/www.lafabbrica.it\/fr\/#website\"},\"datePublished\":\"2024-11-05T15:39:44+00:00\",\"dateModified\":\"2024-11-08T09:44:44+00:00\",\"description\":\"Brique en gr\u00e8s avec une texture vintage, au style urbain et d\u00e9contract\u00e9, inspir\u00e9e des fa\u00e7ades en briques apparentes des grandes m\u00e9tropoles.\",\"breadcrumb\":{\"@id\":\"https:\/\/www.lafabbrica.it\/fr\/collections\/kist-lux\/#breadcrumb\"},\"inLanguage\":\"fr-FR\",\"potentialAction\":[{\"@type\":\"ReadAction\",\"target\":[\"https:\/\/www.lafabbrica.it\/fr\/collections\/kist-lux\/\"]}]},{\"@type\":\"BreadcrumbList\",\"@id\":\"https:\/\/www.lafabbrica.it\/fr\/collections\/kist-lux\/#breadcrumb\",\"itemListElement\":[{\"@type\":\"ListItem\",\"position\":1,\"name\":\"Home\",\"item\":\"https:\/\/www.lafabbrica.it\/fr\/\"},{\"@type\":\"ListItem\",\"position\":2,\"name\":\"Kist Lux\"}]},{\"@type\":\"WebSite\",\"@id\":\"https:\/\/www.lafabbrica.it\/fr\/#website\",\"url\":\"https:\/\/www.lafabbrica.it\/fr\/\",\"name\":\"La Fabbrica AVA\",\"description\":\"\",\"publisher\":{\"@id\":\"https:\/\/www.lafabbrica.it\/fr\/#organization\"},\"potentialAction\":[{\"@type\":\"SearchAction\",\"target\":{\"@type\":\"EntryPoint\",\"urlTemplate\":\"https:\/\/www.lafabbrica.it\/fr\/?s={search_term_string}\"},\"query-input\":\"required name=search_term_string\"}],\"inLanguage\":\"fr-FR\"},{\"@type\":\"Organization\",\"@id\":\"https:\/\/www.lafabbrica.it\/fr\/#organization\",\"name\":\"La Fabbrica AVA\",\"url\":\"https:\/\/www.lafabbrica.it\/fr\/\",\"logo\":{\"@type\":\"ImageObject\",\"inLanguage\":\"fr-FR\",\"@id\":\"https:\/\/www.lafabbrica.it\/fr\/#\/schema\/logo\/image\/\",\"url\":\"https:\/\/www.lafabbrica.it\/wp-content\/uploads\/2023\/08\/Senza-titolo-1.png\",\"contentUrl\":\"https:\/\/www.lafabbrica.it\/wp-content\/uploads\/2023\/08\/Senza-titolo-1.png\",\"width\":567,\"height\":240,\"caption\":\"La Fabbrica AVA\"},\"image\":{\"@id\":\"https:\/\/www.lafabbrica.it\/fr\/#\/schema\/logo\/image\/\"}}]}<\/script>\n<!-- \/ Yoast SEO plugin. -->","yoast_head_json":{"title":"Kist Lux | LA FABBRICA AVA","description":"Brique en gr\u00e8s avec une texture vintage, au style urbain et d\u00e9contract\u00e9, inspir\u00e9e des fa\u00e7ades en briques apparentes des grandes m\u00e9tropoles.","robots":{"index":"index","follow":"follow","max-snippet":"max-snippet:-1","max-image-preview":"max-image-preview:large","max-video-preview":"max-video-preview:-1"},"canonical":"https:\/\/www.lafabbrica.it\/fr\/collections\/kist-lux\/","og_locale":"fr_FR","og_type":"article","og_title":"Kist Lux | LA FABBRICA AVA","og_description":"Brique en gr\u00e8s avec une texture vintage, au style urbain et d\u00e9contract\u00e9, inspir\u00e9e des fa\u00e7ades en briques apparentes des grandes m\u00e9tropoles.","og_url":"https:\/\/www.lafabbrica.it\/fr\/collections\/kist-lux\/","og_site_name":"La Fabbrica AVA","article_modified_time":"2024-11-08T09:44:44+00:00","og_image":[{"url":"https:\/\/www.lafabbrica.it\/wp-content\/uploads\/2024\/11\/kist_Lux_feat.jpg","width":880,"height":570,"type":"image\/jpeg"}],"twitter_card":"summary_large_image","schema":{"@context":"https:\/\/schema.org","@graph":[{"@type":"WebPage","@id":"https:\/\/www.lafabbrica.it\/fr\/collections\/kist-lux\/","url":"https:\/\/www.lafabbrica.it\/fr\/collections\/kist-lux\/","name":"Kist Lux | LA FABBRICA AVA","isPartOf":{"@id":"https:\/\/www.lafabbrica.it\/fr\/#website"},"datePublished":"2024-11-05T15:39:44+00:00","dateModified":"2024-11-08T09:44:44+00:00","description":"Brique en gr\u00e8s avec une texture vintage, au style urbain et d\u00e9contract\u00e9, inspir\u00e9e des fa\u00e7ades en briques apparentes des grandes m\u00e9tropoles.","breadcrumb":{"@id":"https:\/\/www.lafabbrica.it\/fr\/collections\/kist-lux\/#breadcrumb"},"inLanguage":"fr-FR","potentialAction":[{"@type":"ReadAction","target":["https:\/\/www.lafabbrica.it\/fr\/collections\/kist-lux\/"]}]},{"@type":"BreadcrumbList","@id":"https:\/\/www.lafabbrica.it\/fr\/collections\/kist-lux\/#breadcrumb","itemListElement":[{"@type":"ListItem","position":1,"name":"Home","item":"https:\/\/www.lafabbrica.it\/fr\/"},{"@type":"ListItem","position":2,"name":"Kist Lux"}]},{"@type":"WebSite","@id":"https:\/\/www.lafabbrica.it\/fr\/#website","url":"https:\/\/www.lafabbrica.it\/fr\/","name":"La Fabbrica AVA","description":"","publisher":{"@id":"https:\/\/www.lafabbrica.it\/fr\/#organization"},"potentialAction":[{"@type":"SearchAction","target":{"@type":"EntryPoint","urlTemplate":"https:\/\/www.lafabbrica.it\/fr\/?s={search_term_string}"},"query-input":"required name=search_term_string"}],"inLanguage":"fr-FR"},{"@type":"Organization","@id":"https:\/\/www.lafabbrica.it\/fr\/#organization","name":"La Fabbrica AVA","url":"https:\/\/www.lafabbrica.it\/fr\/","logo":{"@type":"ImageObject","inLanguage":"fr-FR","@id":"https:\/\/www.lafabbrica.it\/fr\/#\/schema\/logo\/image\/","url":"https:\/\/www.lafabbrica.it\/wp-content\/uploads\/2023\/08\/Senza-titolo-1.png","contentUrl":"https:\/\/www.lafabbrica.it\/wp-content\/uploads\/2023\/08\/Senza-titolo-1.png","width":567,"height":240,"caption":"La Fabbrica AVA"},"image":{"@id":"https:\/\/www.lafabbrica.it\/fr\/#\/schema\/logo\/image\/"}}]}},"_links":{"self":[{"href":"https:\/\/www.lafabbrica.it\/fr\/wp-json\/wp\/v2\/collections\/24006","targetHints":{"allow":["GET"]}}],"collection":[{"href":"https:\/\/www.lafabbrica.it\/fr\/wp-json\/wp\/v2\/collections"}],"about":[{"href":"https:\/\/www.lafabbrica.it\/fr\/wp-json\/wp\/v2\/types\/collections"}],"version-history":[{"count":0,"href":"https:\/\/www.lafabbrica.it\/fr\/wp-json\/wp\/v2\/collections\/24006\/revisions"}],"wp:featuredmedia":[{"embeddable":true,"href":"https:\/\/www.lafabbrica.it\/fr\/wp-json\/wp\/v2\/media\/23802"}],"wp:attachment":[{"href":"https:\/\/www.lafabbrica.it\/fr\/wp-json\/wp\/v2\/media?parent=24006"}],"wp:term":[{"taxonomy":"look","embeddable":true,"href":"https:\/\/www.lafabbrica.it\/fr\/wp-json\/wp\/v2\/look?post=24006"},{"taxonomy":"colors","embeddable":true,"href":"https:\/\/www.lafabbrica.it\/fr\/wp-json\/wp\/v2\/colors?post=24006"},{"taxonomy":"rooms","embeddable":true,"href":"https:\/\/www.lafabbrica.it\/fr\/wp-json\/wp\/v2\/rooms?post=24006"},{"taxonomy":"size","embeddable":true,"href":"https:\/\/www.lafabbrica.it\/fr\/wp-json\/wp\/v2\/size?post=24006"},{"taxonomy":"color_of_collection","embeddable":true,"href":"https:\/\/www.lafabbrica.it\/fr\/wp-json\/wp\/v2\/color_of_collection?post=24006"}],"curies":[{"name":"wp","href":"https:\/\/api.w.org\/{rel}","templated":true}]}}

<!-- This site is optimized with the Yoast SEO plugin v22.0 - https://yoast.com/wordpress/plugins/seo/ -->
<title>Kist Lux | LA FABBRICA AVA</title>
<meta name="description" content="Brique en grès avec une texture vintage, au style urbain et décontracté, inspirée des façades en briques apparentes des grandes métropoles." />
<meta name="robots" content="index, follow, max-snippet:-1, max-image-preview:large, max-video-preview:-1" />
<link rel="canonical" href="https://www.lafabbrica.it/fr/collections/kist-lux/" />
<meta property="og:locale" content="fr_FR" />
<meta property="og:type" content="article" />
<meta property="og:title" content="Kist Lux | LA FABBRICA AVA" />
<meta property="og:description" content="Brique en grès avec une texture vintage, au style urbain et décontracté, inspirée des façades en briques apparentes des grandes métropoles." />
<meta property="og:url" content="https://www.lafabbrica.it/fr/collections/kist-lux/" />
<meta property="og:site_name" content="La Fabbrica AVA" />
<meta property="article:modified_time" content="2024-11-08T09:44:44+00:00" />
<meta property="og:image" content="https://www.lafabbrica.it/wp-content/uploads/2024/11/kist_Lux_feat.jpg" />
	<meta property="og:image:width" content="880" />
	<meta property="og:image:height" content="570" />
	<meta property="og:image:type" content="image/jpeg" />
<meta name="twitter:card" content="summary_large_image" />
<script type="application/ld+json" class="yoast-schema-graph">{"@context":"https://schema.org","@graph":[{"@type":"WebPage","@id":"https://www.lafabbrica.it/fr/collections/kist-lux/","url":"https://www.lafabbrica.it/fr/collections/kist-lux/","name":"Kist Lux | LA FABBRICA AVA","isPartOf":{"@id":"https://www.lafabbrica.it/fr/#website"},"datePublished":"2024-11-05T15:39:44+00:00","dateModified":"2024-11-08T09:44:44+00:00","description":"Brique en grès avec une texture vintage, au style urbain et décontracté, inspirée des façades en briques apparentes des grandes métropoles.","breadcrumb":{"@id":"https://www.lafabbrica.it/fr/collections/kist-lux/#breadcrumb"},"inLanguage":"fr-FR","potentialAction":[{"@type":"ReadAction","target":["https://www.lafabbrica.it/fr/collections/kist-lux/"]}]},{"@type":"BreadcrumbList","@id":"https://www.lafabbrica.it/fr/collections/kist-lux/#breadcrumb","itemListElement":[{"@type":"ListItem","position":1,"name":"Home","item":"https://www.lafabbrica.it/fr/"},{"@type":"ListItem","position":2,"name":"Kist Lux"}]},{"@type":"WebSite","@id":"https://www.lafabbrica.it/fr/#website","url":"https://www.lafabbrica.it/fr/","name":"La Fabbrica AVA","description":"","publisher":{"@id":"https://www.lafabbrica.it/fr/#organization"},"potentialAction":[{"@type":"SearchAction","target":{"@type":"EntryPoint","urlTemplate":"https://www.lafabbrica.it/fr/?s={search_term_string}"},"query-input":"required name=search_term_string"}],"inLanguage":"fr-FR"},{"@type":"Organization","@id":"https://www.lafabbrica.it/fr/#organization","name":"La Fabbrica AVA","url":"https://www.lafabbrica.it/fr/","logo":{"@type":"ImageObject","inLanguage":"fr-FR","@id":"https://www.lafabbrica.it/fr/#/schema/logo/image/","url":"https://www.lafabbrica.it/wp-content/uploads/2023/08/Senza-titolo-1.png","contentUrl":"https://www.lafabbrica.it/wp-content/uploads/2023/08/Senza-titolo-1.png","width":567,"height":240,"caption":"La Fabbrica AVA"},"image":{"@id":"https://www.lafabbrica.it/fr/#/schema/logo/image/"}}]}</script>
<!-- / Yoast SEO plugin. -->

Brique en grès avec une texture vintage, au style urbain et décontracté, inspirée des façades en briques apparentes des grandes métropoles.
