{"id":13183,"date":"2023-05-11T07:56:30","date_gmt":"2023-05-11T06:56:30","guid":{"rendered":"https:\/\/www.lafabbrica.it\/collections\/pierres-des-chateaux\/"},"modified":"2023-11-09T09:16:53","modified_gmt":"2023-11-09T09:16:53","slug":"pierres-des-chateaux","status":"publish","type":"collections","link":"https:\/\/www.lafabbrica.it\/fr\/collections\/pierres-des-chateaux\/","title":{"rendered":"Pierres Des Ch\u00e2teaux"},"content":{"rendered":"","protected":false},"featured_media":13188,"template":"","meta":{"_acf_changed":false,"site-sidebar-layout":"default","site-content-layout":"","ast-site-content-layout":"default","site-content-style":"default","site-sidebar-style":"default","ast-global-header-display":"","ast-banner-title-visibility":"","ast-main-header-display":"","ast-hfb-above-header-display":"","ast-hfb-below-header-display":"","ast-hfb-mobile-header-display":"","site-post-title":"","ast-breadcrumbs-content":"","ast-featured-img":"","footer-sml-layout":"","theme-transparent-header-meta":"","adv-header-id-meta":"","stick-header-meta":"","header-above-stick-meta":"","header-main-stick-meta":"","header-below-stick-meta":"","astra-migrate-meta-layouts":"default","ast-page-background-enabled":"default","ast-page-background-meta":{"desktop":{"background-color":"var(--ast-global-color-4)","background-image":"","background-repeat":"repeat","background-position":"center center","background-size":"auto","background-attachment":"scroll","background-type":"","background-media":"","overlay-type":"","overlay-color":"","overlay-gradient":""},"tablet":{"background-color":"","background-image":"","background-repeat":"repeat","background-position":"center center","background-size":"auto","background-attachment":"scroll","background-type":"","background-media":"","overlay-type":"","overlay-color":"","overlay-gradient":""},"mobile":{"background-color":"","background-image":"","background-repeat":"repeat","background-position":"center center","background-size":"auto","background-attachment":"scroll","background-type":"","background-media":"","overlay-type":"","overlay-color":"","overlay-gradient":""}},"ast-content-background-meta":{"desktop":{"background-color":"var(--ast-global-color-5)","background-image":"","background-repeat":"repeat","background-position":"center center","background-size":"auto","background-attachment":"scroll","background-type":"","background-media":"","overlay-type":"","overlay-color":"","overlay-gradient":""},"tablet":{"background-color":"var(--ast-global-color-5)","background-image":"","background-repeat":"repeat","background-position":"center center","background-size":"auto","background-attachment":"scroll","background-type":"","background-media":"","overlay-type":"","overlay-color":"","overlay-gradient":""},"mobile":{"background-color":"var(--ast-global-color-5)","background-image":"","background-repeat":"repeat","background-position":"center center","background-size":"auto","background-attachment":"scroll","background-type":"","background-media":"","overlay-type":"","overlay-color":"","overlay-gradient":""}}},"look":[820,864],"colors":[1225,1226,1228],"rooms":[797,798,809,799,796],"size":[811,865,823,810,822],"color_of_collection":[356],"class_list":["post-13183","collections","type-collections","status-publish","has-post-thumbnail","hentry","look-marble-fr","look-stone-fr","colors-blanc","colors-gris","colors-noir","rooms-cuisine","rooms-living-fr","rooms-outdoor-fr","rooms-public-commercial-fr","rooms-salle-de-bains","size-100x100-fr","size-10x30-fr","size-30x60-fr","size-60x120-fr","size-60x60-fr","color_of_collection-pierres-des-chateaux"],"acf":[],"yoast_head":"<!-- This site is optimized with the Yoast SEO plugin v22.0 - https:\/\/yoast.com\/wordpress\/plugins\/seo\/ -->\n<title>Carreaux \u00e0 effet de pierre Pierres Des Ch\u00e2Teaux | La FABBRICA AVA<\/title>\n<meta name=\"description\" content=\"Rehaussez votre rev\u00eatement de sol avec le gr\u00e8s c\u00e9rame : Les dalles \u00e0 effet pierre Pierres Des Ch\u00e2Teaux apportent une \u00e9l\u00e9gance inspir\u00e9e \u00e0 tous les espaces.\" \/>\n<meta name=\"robots\" content=\"index, follow, max-snippet:-1, max-image-preview:large, max-video-preview:-1\" \/>\n<link rel=\"canonical\" href=\"https:\/\/www.lafabbrica.it\/fr\/collections\/pierres-des-chateaux\/\" \/>\n<meta property=\"og:locale\" content=\"fr_FR\" \/>\n<meta property=\"og:type\" content=\"article\" \/>\n<meta property=\"og:title\" content=\"Carreaux \u00e0 effet de pierre Pierres Des Ch\u00e2Teaux | La FABBRICA AVA\" \/>\n<meta property=\"og:description\" content=\"Rehaussez votre rev\u00eatement de sol avec le gr\u00e8s c\u00e9rame : Les dalles \u00e0 effet pierre Pierres Des Ch\u00e2Teaux apportent une \u00e9l\u00e9gance inspir\u00e9e \u00e0 tous les espaces.\" \/>\n<meta property=\"og:url\" content=\"https:\/\/www.lafabbrica.it\/fr\/collections\/pierres-des-chateaux\/\" \/>\n<meta property=\"og:site_name\" content=\"La Fabbrica AVA\" \/>\n<meta property=\"article:modified_time\" content=\"2023-11-09T09:16:53+00:00\" \/>\n<meta property=\"og:image\" content=\"https:\/\/www.lafabbrica.it\/wp-content\/uploads\/2023\/05\/pierres-des-chateaux_feat.jpg\" \/>\n\t<meta property=\"og:image:width\" content=\"880\" \/>\n\t<meta property=\"og:image:height\" content=\"570\" \/>\n\t<meta property=\"og:image:type\" content=\"image\/jpeg\" \/>\n<meta name=\"twitter:card\" content=\"summary_large_image\" \/>\n<script type=\"application\/ld+json\" class=\"yoast-schema-graph\">{\"@context\":\"https:\/\/schema.org\",\"@graph\":[{\"@type\":\"WebPage\",\"@id\":\"https:\/\/www.lafabbrica.it\/fr\/collections\/pierres-des-chateaux\/\",\"url\":\"https:\/\/www.lafabbrica.it\/fr\/collections\/pierres-des-chateaux\/\",\"name\":\"Carreaux \u00e0 effet de pierre Pierres Des Ch\u00e2Teaux | La FABBRICA AVA\",\"isPartOf\":{\"@id\":\"https:\/\/www.lafabbrica.it\/fr\/#website\"},\"datePublished\":\"2023-05-11T06:56:30+00:00\",\"dateModified\":\"2023-11-09T09:16:53+00:00\",\"description\":\"Rehaussez votre rev\u00eatement de sol avec le gr\u00e8s c\u00e9rame : Les dalles \u00e0 effet pierre Pierres Des Ch\u00e2Teaux apportent une \u00e9l\u00e9gance inspir\u00e9e \u00e0 tous les espaces.\",\"breadcrumb\":{\"@id\":\"https:\/\/www.lafabbrica.it\/fr\/collections\/pierres-des-chateaux\/#breadcrumb\"},\"inLanguage\":\"fr-FR\",\"potentialAction\":[{\"@type\":\"ReadAction\",\"target\":[\"https:\/\/www.lafabbrica.it\/fr\/collections\/pierres-des-chateaux\/\"]}]},{\"@type\":\"BreadcrumbList\",\"@id\":\"https:\/\/www.lafabbrica.it\/fr\/collections\/pierres-des-chateaux\/#breadcrumb\",\"itemListElement\":[{\"@type\":\"ListItem\",\"position\":1,\"name\":\"Home\",\"item\":\"https:\/\/www.lafabbrica.it\/fr\/\"},{\"@type\":\"ListItem\",\"position\":2,\"name\":\"Pierres Des Ch\u00e2teaux\"}]},{\"@type\":\"WebSite\",\"@id\":\"https:\/\/www.lafabbrica.it\/fr\/#website\",\"url\":\"https:\/\/www.lafabbrica.it\/fr\/\",\"name\":\"La Fabbrica AVA\",\"description\":\"\",\"publisher\":{\"@id\":\"https:\/\/www.lafabbrica.it\/fr\/#organization\"},\"potentialAction\":[{\"@type\":\"SearchAction\",\"target\":{\"@type\":\"EntryPoint\",\"urlTemplate\":\"https:\/\/www.lafabbrica.it\/fr\/?s={search_term_string}\"},\"query-input\":\"required name=search_term_string\"}],\"inLanguage\":\"fr-FR\"},{\"@type\":\"Organization\",\"@id\":\"https:\/\/www.lafabbrica.it\/fr\/#organization\",\"name\":\"La Fabbrica AVA\",\"url\":\"https:\/\/www.lafabbrica.it\/fr\/\",\"logo\":{\"@type\":\"ImageObject\",\"inLanguage\":\"fr-FR\",\"@id\":\"https:\/\/www.lafabbrica.it\/fr\/#\/schema\/logo\/image\/\",\"url\":\"https:\/\/www.lafabbrica.it\/wp-content\/uploads\/2023\/08\/Senza-titolo-1.png\",\"contentUrl\":\"https:\/\/www.lafabbrica.it\/wp-content\/uploads\/2023\/08\/Senza-titolo-1.png\",\"width\":567,\"height\":240,\"caption\":\"La Fabbrica AVA\"},\"image\":{\"@id\":\"https:\/\/www.lafabbrica.it\/fr\/#\/schema\/logo\/image\/\"}}]}<\/script>\n<!-- \/ Yoast SEO plugin. -->","yoast_head_json":{"title":"Carreaux \u00e0 effet de pierre Pierres Des Ch\u00e2Teaux | La FABBRICA AVA","description":"Rehaussez votre rev\u00eatement de sol avec le gr\u00e8s c\u00e9rame : Les dalles \u00e0 effet pierre Pierres Des Ch\u00e2Teaux apportent une \u00e9l\u00e9gance inspir\u00e9e \u00e0 tous les espaces.","robots":{"index":"index","follow":"follow","max-snippet":"max-snippet:-1","max-image-preview":"max-image-preview:large","max-video-preview":"max-video-preview:-1"},"canonical":"https:\/\/www.lafabbrica.it\/fr\/collections\/pierres-des-chateaux\/","og_locale":"fr_FR","og_type":"article","og_title":"Carreaux \u00e0 effet de pierre Pierres Des Ch\u00e2Teaux | La FABBRICA AVA","og_description":"Rehaussez votre rev\u00eatement de sol avec le gr\u00e8s c\u00e9rame : Les dalles \u00e0 effet pierre Pierres Des Ch\u00e2Teaux apportent une \u00e9l\u00e9gance inspir\u00e9e \u00e0 tous les espaces.","og_url":"https:\/\/www.lafabbrica.it\/fr\/collections\/pierres-des-chateaux\/","og_site_name":"La Fabbrica AVA","article_modified_time":"2023-11-09T09:16:53+00:00","og_image":[{"width":880,"height":570,"url":"https:\/\/www.lafabbrica.it\/wp-content\/uploads\/2023\/05\/pierres-des-chateaux_feat.jpg","type":"image\/jpeg"}],"twitter_card":"summary_large_image","schema":{"@context":"https:\/\/schema.org","@graph":[{"@type":"WebPage","@id":"https:\/\/www.lafabbrica.it\/fr\/collections\/pierres-des-chateaux\/","url":"https:\/\/www.lafabbrica.it\/fr\/collections\/pierres-des-chateaux\/","name":"Carreaux \u00e0 effet de pierre Pierres Des Ch\u00e2Teaux | La FABBRICA AVA","isPartOf":{"@id":"https:\/\/www.lafabbrica.it\/fr\/#website"},"datePublished":"2023-05-11T06:56:30+00:00","dateModified":"2023-11-09T09:16:53+00:00","description":"Rehaussez votre rev\u00eatement de sol avec le gr\u00e8s c\u00e9rame : Les dalles \u00e0 effet pierre Pierres Des Ch\u00e2Teaux apportent une \u00e9l\u00e9gance inspir\u00e9e \u00e0 tous les espaces.","breadcrumb":{"@id":"https:\/\/www.lafabbrica.it\/fr\/collections\/pierres-des-chateaux\/#breadcrumb"},"inLanguage":"fr-FR","potentialAction":[{"@type":"ReadAction","target":["https:\/\/www.lafabbrica.it\/fr\/collections\/pierres-des-chateaux\/"]}]},{"@type":"BreadcrumbList","@id":"https:\/\/www.lafabbrica.it\/fr\/collections\/pierres-des-chateaux\/#breadcrumb","itemListElement":[{"@type":"ListItem","position":1,"name":"Home","item":"https:\/\/www.lafabbrica.it\/fr\/"},{"@type":"ListItem","position":2,"name":"Pierres Des Ch\u00e2teaux"}]},{"@type":"WebSite","@id":"https:\/\/www.lafabbrica.it\/fr\/#website","url":"https:\/\/www.lafabbrica.it\/fr\/","name":"La Fabbrica AVA","description":"","publisher":{"@id":"https:\/\/www.lafabbrica.it\/fr\/#organization"},"potentialAction":[{"@type":"SearchAction","target":{"@type":"EntryPoint","urlTemplate":"https:\/\/www.lafabbrica.it\/fr\/?s={search_term_string}"},"query-input":"required name=search_term_string"}],"inLanguage":"fr-FR"},{"@type":"Organization","@id":"https:\/\/www.lafabbrica.it\/fr\/#organization","name":"La Fabbrica AVA","url":"https:\/\/www.lafabbrica.it\/fr\/","logo":{"@type":"ImageObject","inLanguage":"fr-FR","@id":"https:\/\/www.lafabbrica.it\/fr\/#\/schema\/logo\/image\/","url":"https:\/\/www.lafabbrica.it\/wp-content\/uploads\/2023\/08\/Senza-titolo-1.png","contentUrl":"https:\/\/www.lafabbrica.it\/wp-content\/uploads\/2023\/08\/Senza-titolo-1.png","width":567,"height":240,"caption":"La Fabbrica AVA"},"image":{"@id":"https:\/\/www.lafabbrica.it\/fr\/#\/schema\/logo\/image\/"}}]}},"_links":{"self":[{"href":"https:\/\/www.lafabbrica.it\/fr\/wp-json\/wp\/v2\/collections\/13183","targetHints":{"allow":["GET"]}}],"collection":[{"href":"https:\/\/www.lafabbrica.it\/fr\/wp-json\/wp\/v2\/collections"}],"about":[{"href":"https:\/\/www.lafabbrica.it\/fr\/wp-json\/wp\/v2\/types\/collections"}],"version-history":[{"count":0,"href":"https:\/\/www.lafabbrica.it\/fr\/wp-json\/wp\/v2\/collections\/13183\/revisions"}],"wp:featuredmedia":[{"embeddable":true,"href":"https:\/\/www.lafabbrica.it\/fr\/wp-json\/wp\/v2\/media\/13188"}],"wp:attachment":[{"href":"https:\/\/www.lafabbrica.it\/fr\/wp-json\/wp\/v2\/media?parent=13183"}],"wp:term":[{"taxonomy":"look","embeddable":true,"href":"https:\/\/www.lafabbrica.it\/fr\/wp-json\/wp\/v2\/look?post=13183"},{"taxonomy":"colors","embeddable":true,"href":"https:\/\/www.lafabbrica.it\/fr\/wp-json\/wp\/v2\/colors?post=13183"},{"taxonomy":"rooms","embeddable":true,"href":"https:\/\/www.lafabbrica.it\/fr\/wp-json\/wp\/v2\/rooms?post=13183"},{"taxonomy":"size","embeddable":true,"href":"https:\/\/www.lafabbrica.it\/fr\/wp-json\/wp\/v2\/size?post=13183"},{"taxonomy":"color_of_collection","embeddable":true,"href":"https:\/\/www.lafabbrica.it\/fr\/wp-json\/wp\/v2\/color_of_collection?post=13183"}],"curies":[{"name":"wp","href":"https:\/\/api.w.org\/{rel}","templated":true}]}}

Pierres Des Châteaux

<!-- This site is optimized with the Yoast SEO plugin v22.0 - https://yoast.com/wordpress/plugins/seo/ -->
<title>Carreaux à effet de pierre Pierres Des ChâTeaux | La FABBRICA AVA</title>
<meta name="description" content="Rehaussez votre revêtement de sol avec le grès cérame : Les dalles à effet pierre Pierres Des ChâTeaux apportent une élégance inspirée à tous les espaces." />
<meta name="robots" content="index, follow, max-snippet:-1, max-image-preview:large, max-video-preview:-1" />
<link rel="canonical" href="https://www.lafabbrica.it/fr/collections/pierres-des-chateaux/" />
<meta property="og:locale" content="fr_FR" />
<meta property="og:type" content="article" />
<meta property="og:title" content="Carreaux à effet de pierre Pierres Des ChâTeaux | La FABBRICA AVA" />
<meta property="og:description" content="Rehaussez votre revêtement de sol avec le grès cérame : Les dalles à effet pierre Pierres Des ChâTeaux apportent une élégance inspirée à tous les espaces." />
<meta property="og:url" content="https://www.lafabbrica.it/fr/collections/pierres-des-chateaux/" />
<meta property="og:site_name" content="La Fabbrica AVA" />
<meta property="article:modified_time" content="2023-11-09T09:16:53+00:00" />
<meta property="og:image" content="https://www.lafabbrica.it/wp-content/uploads/2023/05/pierres-des-chateaux_feat.jpg" />
	<meta property="og:image:width" content="880" />
	<meta property="og:image:height" content="570" />
	<meta property="og:image:type" content="image/jpeg" />
<meta name="twitter:card" content="summary_large_image" />
<script type="application/ld+json" class="yoast-schema-graph">{"@context":"https://schema.org","@graph":[{"@type":"WebPage","@id":"https://www.lafabbrica.it/fr/collections/pierres-des-chateaux/","url":"https://www.lafabbrica.it/fr/collections/pierres-des-chateaux/","name":"Carreaux à effet de pierre Pierres Des ChâTeaux | La FABBRICA AVA","isPartOf":{"@id":"https://www.lafabbrica.it/fr/#website"},"datePublished":"2023-05-11T06:56:30+00:00","dateModified":"2023-11-09T09:16:53+00:00","description":"Rehaussez votre revêtement de sol avec le grès cérame : Les dalles à effet pierre Pierres Des ChâTeaux apportent une élégance inspirée à tous les espaces.","breadcrumb":{"@id":"https://www.lafabbrica.it/fr/collections/pierres-des-chateaux/#breadcrumb"},"inLanguage":"fr-FR","potentialAction":[{"@type":"ReadAction","target":["https://www.lafabbrica.it/fr/collections/pierres-des-chateaux/"]}]},{"@type":"BreadcrumbList","@id":"https://www.lafabbrica.it/fr/collections/pierres-des-chateaux/#breadcrumb","itemListElement":[{"@type":"ListItem","position":1,"name":"Home","item":"https://www.lafabbrica.it/fr/"},{"@type":"ListItem","position":2,"name":"Pierres Des Châteaux"}]},{"@type":"WebSite","@id":"https://www.lafabbrica.it/fr/#website","url":"https://www.lafabbrica.it/fr/","name":"La Fabbrica AVA","description":"","publisher":{"@id":"https://www.lafabbrica.it/fr/#organization"},"potentialAction":[{"@type":"SearchAction","target":{"@type":"EntryPoint","urlTemplate":"https://www.lafabbrica.it/fr/?s={search_term_string}"},"query-input":"required name=search_term_string"}],"inLanguage":"fr-FR"},{"@type":"Organization","@id":"https://www.lafabbrica.it/fr/#organization","name":"La Fabbrica AVA","url":"https://www.lafabbrica.it/fr/","logo":{"@type":"ImageObject","inLanguage":"fr-FR","@id":"https://www.lafabbrica.it/fr/#/schema/logo/image/","url":"https://www.lafabbrica.it/wp-content/uploads/2023/08/Senza-titolo-1.png","contentUrl":"https://www.lafabbrica.it/wp-content/uploads/2023/08/Senza-titolo-1.png","width":567,"height":240,"caption":"La Fabbrica AVA"},"image":{"@id":"https://www.lafabbrica.it/fr/#/schema/logo/image/"}}]}</script>
<!-- / Yoast SEO plugin. -->

Carreaux à effet de pierre Pierres Des ChâTeaux | La FABBRICA AVA

Rehaussez votre revêtement de sol avec le grès cérame : Les dalles à effet pierre Pierres Des ChâTeaux apportent une élégance inspirée à tous les espaces.
