{"id":13159,"date":"2023-09-10T07:56:30","date_gmt":"2023-09-10T06:56:30","guid":{"rendered":"https:\/\/www.lafabbrica.it\/collections\/up\/"},"modified":"2024-04-15T15:07:35","modified_gmt":"2024-04-15T15:07:35","slug":"up","status":"publish","type":"collections","link":"https:\/\/www.lafabbrica.it\/fr\/collections\/up\/","title":{"rendered":"Up"},"content":{"rendered":"","protected":false},"featured_media":13160,"template":"","meta":{"_acf_changed":false,"site-sidebar-layout":"default","site-content-layout":"","ast-site-content-layout":"default","site-content-style":"default","site-sidebar-style":"default","ast-global-header-display":"","ast-banner-title-visibility":"","ast-main-header-display":"","ast-hfb-above-header-display":"","ast-hfb-below-header-display":"","ast-hfb-mobile-header-display":"","site-post-title":"","ast-breadcrumbs-content":"","ast-featured-img":"","footer-sml-layout":"","theme-transparent-header-meta":"","adv-header-id-meta":"","stick-header-meta":"","header-above-stick-meta":"","header-main-stick-meta":"","header-below-stick-meta":"","astra-migrate-meta-layouts":"set","ast-page-background-enabled":"default","ast-page-background-meta":{"desktop":{"background-color":"var(--ast-global-color-4)","background-image":"","background-repeat":"repeat","background-position":"center center","background-size":"auto","background-attachment":"scroll","background-type":"","background-media":"","overlay-type":"","overlay-color":"","overlay-gradient":""},"tablet":{"background-color":"","background-image":"","background-repeat":"repeat","background-position":"center center","background-size":"auto","background-attachment":"scroll","background-type":"","background-media":"","overlay-type":"","overlay-color":"","overlay-gradient":""},"mobile":{"background-color":"","background-image":"","background-repeat":"repeat","background-position":"center center","background-size":"auto","background-attachment":"scroll","background-type":"","background-media":"","overlay-type":"","overlay-color":"","overlay-gradient":""}},"ast-content-background-meta":{"desktop":{"background-color":"var(--ast-global-color-5)","background-image":"","background-repeat":"repeat","background-position":"center center","background-size":"auto","background-attachment":"scroll","background-type":"","background-media":"","overlay-type":"","overlay-color":"","overlay-gradient":""},"tablet":{"background-color":"var(--ast-global-color-5)","background-image":"","background-repeat":"repeat","background-position":"center center","background-size":"auto","background-attachment":"scroll","background-type":"","background-media":"","overlay-type":"","overlay-color":"","overlay-gradient":""},"mobile":{"background-color":"var(--ast-global-color-5)","background-image":"","background-repeat":"repeat","background-position":"center center","background-size":"auto","background-attachment":"scroll","background-type":"","background-media":"","overlay-type":"","overlay-color":"","overlay-gradient":""}}},"look":[845,795,794],"colors":[1230],"rooms":[797,798,799,796],"size":[801,846],"color_of_collection":[370],"class_list":["post-13159","collections","type-collections","status-publish","has-post-thumbnail","hentry","look-3d-fr","look-couleurs","look-design-fr","colors-autres","rooms-cuisine","rooms-living-fr","rooms-public-commercial-fr","rooms-salle-de-bains","size-10x10-fr","size-25x5-fr","color_of_collection-up"],"acf":[],"yoast_head":"<!-- This site is optimized with the Yoast SEO plugin v22.0 - https:\/\/yoast.com\/wordpress\/plugins\/seo\/ -->\n<title>Rev\u00eatement Mural D\u00e9coratif Int\u00e9rieur Up | La FABBRICA AVA<\/title>\n<meta name=\"description\" content=\"Explorez notre gamme d&#039;\u00e9v\u00eatements muraux pour un mur d\u00e9coratif int\u00e9rieur unique. Choisissez votre style avec notre d\u00e9co murale innovante.\" \/>\n<meta name=\"robots\" content=\"index, follow, max-snippet:-1, max-image-preview:large, max-video-preview:-1\" \/>\n<link rel=\"canonical\" href=\"https:\/\/www.lafabbrica.it\/fr\/collections\/up\/\" \/>\n<meta property=\"og:locale\" content=\"fr_FR\" \/>\n<meta property=\"og:type\" content=\"article\" \/>\n<meta property=\"og:title\" content=\"Rev\u00eatement Mural D\u00e9coratif Int\u00e9rieur Up | La FABBRICA AVA\" \/>\n<meta property=\"og:description\" content=\"Explorez notre gamme d&#039;\u00e9v\u00eatements muraux pour un mur d\u00e9coratif int\u00e9rieur unique. Choisissez votre style avec notre d\u00e9co murale innovante.\" \/>\n<meta property=\"og:url\" content=\"https:\/\/www.lafabbrica.it\/fr\/collections\/up\/\" \/>\n<meta property=\"og:site_name\" content=\"La Fabbrica AVA\" \/>\n<meta property=\"article:modified_time\" content=\"2024-04-15T15:07:35+00:00\" \/>\n<meta property=\"og:image\" content=\"https:\/\/www.lafabbrica.it\/wp-content\/uploads\/2023\/05\/up_feat.jpg\" \/>\n\t<meta property=\"og:image:width\" content=\"880\" \/>\n\t<meta property=\"og:image:height\" content=\"570\" \/>\n\t<meta property=\"og:image:type\" content=\"image\/jpeg\" \/>\n<meta name=\"twitter:card\" content=\"summary_large_image\" \/>\n<meta name=\"twitter:label1\" content=\"Dur\u00e9e de lecture estim\u00e9e\" \/>\n\t<meta name=\"twitter:data1\" content=\"1 minute\" \/>\n<script type=\"application\/ld+json\" class=\"yoast-schema-graph\">{\"@context\":\"https:\/\/schema.org\",\"@graph\":[{\"@type\":\"WebPage\",\"@id\":\"https:\/\/www.lafabbrica.it\/fr\/collections\/up\/\",\"url\":\"https:\/\/www.lafabbrica.it\/fr\/collections\/up\/\",\"name\":\"Rev\u00eatement Mural D\u00e9coratif Int\u00e9rieur Up | La FABBRICA AVA\",\"isPartOf\":{\"@id\":\"https:\/\/www.lafabbrica.it\/fr\/#website\"},\"datePublished\":\"2023-09-10T06:56:30+00:00\",\"dateModified\":\"2024-04-15T15:07:35+00:00\",\"description\":\"Explorez notre gamme d'\u00e9v\u00eatements muraux pour un mur d\u00e9coratif int\u00e9rieur unique. Choisissez votre style avec notre d\u00e9co murale innovante.\",\"breadcrumb\":{\"@id\":\"https:\/\/www.lafabbrica.it\/fr\/collections\/up\/#breadcrumb\"},\"inLanguage\":\"fr-FR\",\"potentialAction\":[{\"@type\":\"ReadAction\",\"target\":[\"https:\/\/www.lafabbrica.it\/fr\/collections\/up\/\"]}]},{\"@type\":\"BreadcrumbList\",\"@id\":\"https:\/\/www.lafabbrica.it\/fr\/collections\/up\/#breadcrumb\",\"itemListElement\":[{\"@type\":\"ListItem\",\"position\":1,\"name\":\"Home\",\"item\":\"https:\/\/www.lafabbrica.it\/fr\/\"},{\"@type\":\"ListItem\",\"position\":2,\"name\":\"Up\"}]},{\"@type\":\"WebSite\",\"@id\":\"https:\/\/www.lafabbrica.it\/fr\/#website\",\"url\":\"https:\/\/www.lafabbrica.it\/fr\/\",\"name\":\"La Fabbrica AVA\",\"description\":\"\",\"publisher\":{\"@id\":\"https:\/\/www.lafabbrica.it\/fr\/#organization\"},\"potentialAction\":[{\"@type\":\"SearchAction\",\"target\":{\"@type\":\"EntryPoint\",\"urlTemplate\":\"https:\/\/www.lafabbrica.it\/fr\/?s={search_term_string}\"},\"query-input\":\"required name=search_term_string\"}],\"inLanguage\":\"fr-FR\"},{\"@type\":\"Organization\",\"@id\":\"https:\/\/www.lafabbrica.it\/fr\/#organization\",\"name\":\"La Fabbrica AVA\",\"url\":\"https:\/\/www.lafabbrica.it\/fr\/\",\"logo\":{\"@type\":\"ImageObject\",\"inLanguage\":\"fr-FR\",\"@id\":\"https:\/\/www.lafabbrica.it\/fr\/#\/schema\/logo\/image\/\",\"url\":\"https:\/\/www.lafabbrica.it\/wp-content\/uploads\/2023\/08\/Senza-titolo-1.png\",\"contentUrl\":\"https:\/\/www.lafabbrica.it\/wp-content\/uploads\/2023\/08\/Senza-titolo-1.png\",\"width\":567,\"height\":240,\"caption\":\"La Fabbrica AVA\"},\"image\":{\"@id\":\"https:\/\/www.lafabbrica.it\/fr\/#\/schema\/logo\/image\/\"}}]}<\/script>\n<!-- \/ Yoast SEO plugin. -->","yoast_head_json":{"title":"Rev\u00eatement Mural D\u00e9coratif Int\u00e9rieur Up | La FABBRICA AVA","description":"Explorez notre gamme d'\u00e9v\u00eatements muraux pour un mur d\u00e9coratif int\u00e9rieur unique. Choisissez votre style avec notre d\u00e9co murale innovante.","robots":{"index":"index","follow":"follow","max-snippet":"max-snippet:-1","max-image-preview":"max-image-preview:large","max-video-preview":"max-video-preview:-1"},"canonical":"https:\/\/www.lafabbrica.it\/fr\/collections\/up\/","og_locale":"fr_FR","og_type":"article","og_title":"Rev\u00eatement Mural D\u00e9coratif Int\u00e9rieur Up | La FABBRICA AVA","og_description":"Explorez notre gamme d'\u00e9v\u00eatements muraux pour un mur d\u00e9coratif int\u00e9rieur unique. Choisissez votre style avec notre d\u00e9co murale innovante.","og_url":"https:\/\/www.lafabbrica.it\/fr\/collections\/up\/","og_site_name":"La Fabbrica AVA","article_modified_time":"2024-04-15T15:07:35+00:00","og_image":[{"width":880,"height":570,"url":"https:\/\/www.lafabbrica.it\/wp-content\/uploads\/2023\/05\/up_feat.jpg","type":"image\/jpeg"}],"twitter_card":"summary_large_image","twitter_misc":{"Dur\u00e9e de lecture estim\u00e9e":"1 minute"},"schema":{"@context":"https:\/\/schema.org","@graph":[{"@type":"WebPage","@id":"https:\/\/www.lafabbrica.it\/fr\/collections\/up\/","url":"https:\/\/www.lafabbrica.it\/fr\/collections\/up\/","name":"Rev\u00eatement Mural D\u00e9coratif Int\u00e9rieur Up | La FABBRICA AVA","isPartOf":{"@id":"https:\/\/www.lafabbrica.it\/fr\/#website"},"datePublished":"2023-09-10T06:56:30+00:00","dateModified":"2024-04-15T15:07:35+00:00","description":"Explorez notre gamme d'\u00e9v\u00eatements muraux pour un mur d\u00e9coratif int\u00e9rieur unique. Choisissez votre style avec notre d\u00e9co murale innovante.","breadcrumb":{"@id":"https:\/\/www.lafabbrica.it\/fr\/collections\/up\/#breadcrumb"},"inLanguage":"fr-FR","potentialAction":[{"@type":"ReadAction","target":["https:\/\/www.lafabbrica.it\/fr\/collections\/up\/"]}]},{"@type":"BreadcrumbList","@id":"https:\/\/www.lafabbrica.it\/fr\/collections\/up\/#breadcrumb","itemListElement":[{"@type":"ListItem","position":1,"name":"Home","item":"https:\/\/www.lafabbrica.it\/fr\/"},{"@type":"ListItem","position":2,"name":"Up"}]},{"@type":"WebSite","@id":"https:\/\/www.lafabbrica.it\/fr\/#website","url":"https:\/\/www.lafabbrica.it\/fr\/","name":"La Fabbrica AVA","description":"","publisher":{"@id":"https:\/\/www.lafabbrica.it\/fr\/#organization"},"potentialAction":[{"@type":"SearchAction","target":{"@type":"EntryPoint","urlTemplate":"https:\/\/www.lafabbrica.it\/fr\/?s={search_term_string}"},"query-input":"required name=search_term_string"}],"inLanguage":"fr-FR"},{"@type":"Organization","@id":"https:\/\/www.lafabbrica.it\/fr\/#organization","name":"La Fabbrica AVA","url":"https:\/\/www.lafabbrica.it\/fr\/","logo":{"@type":"ImageObject","inLanguage":"fr-FR","@id":"https:\/\/www.lafabbrica.it\/fr\/#\/schema\/logo\/image\/","url":"https:\/\/www.lafabbrica.it\/wp-content\/uploads\/2023\/08\/Senza-titolo-1.png","contentUrl":"https:\/\/www.lafabbrica.it\/wp-content\/uploads\/2023\/08\/Senza-titolo-1.png","width":567,"height":240,"caption":"La Fabbrica AVA"},"image":{"@id":"https:\/\/www.lafabbrica.it\/fr\/#\/schema\/logo\/image\/"}}]}},"_links":{"self":[{"href":"https:\/\/www.lafabbrica.it\/fr\/wp-json\/wp\/v2\/collections\/13159","targetHints":{"allow":["GET"]}}],"collection":[{"href":"https:\/\/www.lafabbrica.it\/fr\/wp-json\/wp\/v2\/collections"}],"about":[{"href":"https:\/\/www.lafabbrica.it\/fr\/wp-json\/wp\/v2\/types\/collections"}],"version-history":[{"count":0,"href":"https:\/\/www.lafabbrica.it\/fr\/wp-json\/wp\/v2\/collections\/13159\/revisions"}],"wp:featuredmedia":[{"embeddable":true,"href":"https:\/\/www.lafabbrica.it\/fr\/wp-json\/wp\/v2\/media\/13160"}],"wp:attachment":[{"href":"https:\/\/www.lafabbrica.it\/fr\/wp-json\/wp\/v2\/media?parent=13159"}],"wp:term":[{"taxonomy":"look","embeddable":true,"href":"https:\/\/www.lafabbrica.it\/fr\/wp-json\/wp\/v2\/look?post=13159"},{"taxonomy":"colors","embeddable":true,"href":"https:\/\/www.lafabbrica.it\/fr\/wp-json\/wp\/v2\/colors?post=13159"},{"taxonomy":"rooms","embeddable":true,"href":"https:\/\/www.lafabbrica.it\/fr\/wp-json\/wp\/v2\/rooms?post=13159"},{"taxonomy":"size","embeddable":true,"href":"https:\/\/www.lafabbrica.it\/fr\/wp-json\/wp\/v2\/size?post=13159"},{"taxonomy":"color_of_collection","embeddable":true,"href":"https:\/\/www.lafabbrica.it\/fr\/wp-json\/wp\/v2\/color_of_collection?post=13159"}],"curies":[{"name":"wp","href":"https:\/\/api.w.org\/{rel}","templated":true}]}}

<!-- This site is optimized with the Yoast SEO plugin v22.0 - https://yoast.com/wordpress/plugins/seo/ -->
<title>Revêtement Mural Décoratif Intérieur Up | La FABBRICA AVA</title>
<meta name="description" content="Explorez notre gamme d&#039;évêtements muraux pour un mur décoratif intérieur unique. Choisissez votre style avec notre déco murale innovante." />
<meta name="robots" content="index, follow, max-snippet:-1, max-image-preview:large, max-video-preview:-1" />
<link rel="canonical" href="https://www.lafabbrica.it/fr/collections/up/" />
<meta property="og:locale" content="fr_FR" />
<meta property="og:type" content="article" />
<meta property="og:title" content="Revêtement Mural Décoratif Intérieur Up | La FABBRICA AVA" />
<meta property="og:description" content="Explorez notre gamme d&#039;évêtements muraux pour un mur décoratif intérieur unique. Choisissez votre style avec notre déco murale innovante." />
<meta property="og:url" content="https://www.lafabbrica.it/fr/collections/up/" />
<meta property="og:site_name" content="La Fabbrica AVA" />
<meta property="article:modified_time" content="2024-04-15T15:07:35+00:00" />
<meta property="og:image" content="https://www.lafabbrica.it/wp-content/uploads/2023/05/up_feat.jpg" />
	<meta property="og:image:width" content="880" />
	<meta property="og:image:height" content="570" />
	<meta property="og:image:type" content="image/jpeg" />
<meta name="twitter:card" content="summary_large_image" />
<meta name="twitter:label1" content="Durée de lecture estimée" />
	<meta name="twitter:data1" content="1 minute" />
<script type="application/ld+json" class="yoast-schema-graph">{"@context":"https://schema.org","@graph":[{"@type":"WebPage","@id":"https://www.lafabbrica.it/fr/collections/up/","url":"https://www.lafabbrica.it/fr/collections/up/","name":"Revêtement Mural Décoratif Intérieur Up | La FABBRICA AVA","isPartOf":{"@id":"https://www.lafabbrica.it/fr/#website"},"datePublished":"2023-09-10T06:56:30+00:00","dateModified":"2024-04-15T15:07:35+00:00","description":"Explorez notre gamme d'évêtements muraux pour un mur décoratif intérieur unique. Choisissez votre style avec notre déco murale innovante.","breadcrumb":{"@id":"https://www.lafabbrica.it/fr/collections/up/#breadcrumb"},"inLanguage":"fr-FR","potentialAction":[{"@type":"ReadAction","target":["https://www.lafabbrica.it/fr/collections/up/"]}]},{"@type":"BreadcrumbList","@id":"https://www.lafabbrica.it/fr/collections/up/#breadcrumb","itemListElement":[{"@type":"ListItem","position":1,"name":"Home","item":"https://www.lafabbrica.it/fr/"},{"@type":"ListItem","position":2,"name":"Up"}]},{"@type":"WebSite","@id":"https://www.lafabbrica.it/fr/#website","url":"https://www.lafabbrica.it/fr/","name":"La Fabbrica AVA","description":"","publisher":{"@id":"https://www.lafabbrica.it/fr/#organization"},"potentialAction":[{"@type":"SearchAction","target":{"@type":"EntryPoint","urlTemplate":"https://www.lafabbrica.it/fr/?s={search_term_string}"},"query-input":"required name=search_term_string"}],"inLanguage":"fr-FR"},{"@type":"Organization","@id":"https://www.lafabbrica.it/fr/#organization","name":"La Fabbrica AVA","url":"https://www.lafabbrica.it/fr/","logo":{"@type":"ImageObject","inLanguage":"fr-FR","@id":"https://www.lafabbrica.it/fr/#/schema/logo/image/","url":"https://www.lafabbrica.it/wp-content/uploads/2023/08/Senza-titolo-1.png","contentUrl":"https://www.lafabbrica.it/wp-content/uploads/2023/08/Senza-titolo-1.png","width":567,"height":240,"caption":"La Fabbrica AVA"},"image":{"@id":"https://www.lafabbrica.it/fr/#/schema/logo/image/"}}]}</script>
<!-- / Yoast SEO plugin. -->

Revêtement Mural Décoratif Intérieur Up | La FABBRICA AVA

Explorez notre gamme d'évêtements muraux pour un mur décoratif intérieur unique. Choisissez votre style avec notre déco murale innovante.
